{"id":118,"date":"2026-03-24T21:51:25","date_gmt":"2026-03-24T21:51:25","guid":{"rendered":"https:\/\/azcarrosserie.ch\/?page_id=118"},"modified":"2026-03-24T21:57:53","modified_gmt":"2026-03-24T21:57:53","slug":"mentions-legales","status":"publish","type":"page","link":"https:\/\/azcarrosserie.ch\/?page_id=118","title":{"rendered":"Mentions l\u00e9gales"},"content":{"rendered":"\n<p class=\"has-ast-global-color-0-color has-text-color has-link-color wp-elements-dda09d2b1b3a2c7bea469a63f3ed575c\"><strong>Mentions l\u00e9gales<\/strong><\/p>\n\n\n\n<p class=\"has-ast-global-color-0-color has-text-color has-link-color wp-elements-e40760e0c21f8d1d165cd158c49fc902\">\u00c9diteur du site<br>AZ Carrosserie<br>[Nom complet \/ raison sociale]<br>[Adresse compl\u00e8te]<br>Suisse<\/p>\n\n\n\n<p class=\"has-ast-global-color-0-color has-text-color has-link-color wp-elements-cb07320cd9a7172fcf20ebc05d810e7a\">T\u00e9l\u00e9phone : [num\u00e9ro]<br>Email : [email]<\/p>\n\n\n\n<p class=\"has-ast-global-color-0-color has-text-color has-link-color wp-elements-878a1a17341d84cf754189dc9b1e6529\">Num\u00e9ro IDE : [CHE-XXX.XXX.XXX] (si applicable)<\/p>\n\n\n\n<p class=\"has-ast-global-color-0-color has-text-color has-link-color wp-elements-c9d719604ad55b967398e1a3b2663b94\">Responsable de la publication<br>[Nom et pr\u00e9nom]<\/p>\n\n\n\n<p class=\"has-ast-global-color-0-color has-text-color has-link-color wp-elements-725b8118914b509342902f7bd23997e1\">H\u00e9bergement<br>[Nom de l\u2019h\u00e9bergeur]<br>[Adresse de l\u2019h\u00e9bergeur]<br>[Site web de l\u2019h\u00e9bergeur]<\/p>\n\n\n\n<p class=\"has-ast-global-color-0-color has-text-color has-link-color wp-elements-8a3514e59ee16edd104a000df34fe42b\">Propri\u00e9t\u00e9 intellectuelle<br>L\u2019ensemble du contenu pr\u00e9sent sur ce site (textes, images, logo, etc.) est la propri\u00e9t\u00e9 exclusive de AZ Carrosserie, sauf mention contraire. Toute reproduction est interdite sans autorisation pr\u00e9alable.<\/p>\n\n\n\n<p class=\"has-ast-global-color-0-color has-text-color has-link-color wp-elements-d76d7d5f14d8bd3dd0da5fc1e7a70b36\">Responsabilit\u00e9<br>AZ Carrosserie s\u2019efforce de fournir des informations aussi pr\u00e9cises que possible, mais ne saurait \u00eatre tenue responsable des erreurs, omissions ou r\u00e9sultats li\u00e9s \u00e0 l\u2019utilisation de ces informations.<\/p>\n","protected":false},"excerpt":{"rendered":"<p>Mentions l\u00e9gales \u00c9diteur du siteAZ Carrosserie[Nom complet \/ raison sociale][Adresse compl\u00e8te]Suisse T\u00e9l\u00e9phone : [num\u00e9ro]Email : [email] Num\u00e9ro IDE : [CHE-XXX.XXX.XXX] [&hellip;]<\/p>\n","protected":false},"author":1,"featured_media":0,"parent":0,"menu_order":0,"comment_status":"closed","ping_status":"closed","template":"","meta":{"site-sidebar-layout":"default","site-content-layout":"","ast-site-content-layout":"default","site-content-style":"default","site-sidebar-style":"default","ast-global-header-display":"","ast-banner-title-visibility":"","ast-main-header-display":"","ast-hfb-above-header-display":"","ast-hfb-below-header-display":"","ast-hfb-mobile-header-display":"","site-post-title":"","ast-breadcrumbs-content":"","ast-featured-img":"","footer-sml-layout":"","ast-disable-related-posts":"","theme-transparent-header-meta":"","adv-header-id-meta":"","stick-header-meta":"","header-above-stick-meta":"","header-main-stick-meta":"","header-below-stick-meta":"","astra-migrate-meta-layouts":"default","ast-page-background-enabled":"default","ast-page-background-meta":{"desktop":{"background-color":"var(--ast-global-color-5)","background-image":"","background-repeat":"repeat","background-position":"center center","background-size":"auto","background-attachment":"scroll","background-type":"","background-media":"","overlay-type":"","overlay-color":"","overlay-opacity":"","overlay-gradient":""},"tablet":{"background-color":"","background-image":"","background-repeat":"repeat","background-position":"center center","background-size":"auto","background-attachment":"scroll","background-type":"","background-media":"","overlay-type":"","overlay-color":"","overlay-opacity":"","overlay-gradient":""},"mobile":{"background-color":"","background-image":"","background-repeat":"repeat","background-position":"center center","background-size":"auto","background-attachment":"scroll","background-type":"","background-media":"","overlay-type":"","overlay-color":"","overlay-opacity":"","overlay-gradient":""}},"ast-content-background-meta":{"desktop":{"background-color":"var(--ast-global-color-4)","background-image":"","background-repeat":"repeat","background-position":"center center","background-size":"auto","background-attachment":"scroll","background-type":"","background-media":"","overlay-type":"","overlay-color":"","overlay-opacity":"","overlay-gradient":""},"tablet":{"background-color":"var(--ast-global-color-4)","background-image":"","background-repeat":"repeat","background-position":"center center","background-size":"auto","background-attachment":"scroll","background-type":"","background-media":"","overlay-type":"","overlay-color":"","overlay-opacity":"","overlay-gradient":""},"mobile":{"background-color":"var(--ast-global-color-4)","background-image":"","background-repeat":"repeat","background-position":"center center","background-size":"auto","background-attachment":"scroll","background-type":"","background-media":"","overlay-type":"","overlay-color":"","overlay-opacity":"","overlay-gradient":""}},"footnotes":""},"class_list":["post-118","page","type-page","status-publish","hentry"],"_links":{"self":[{"href":"https:\/\/azcarrosserie.ch\/index.php?rest_route=\/wp\/v2\/pages\/118","targetHints":{"allow":["GET"]}}],"collection":[{"href":"https:\/\/azcarrosserie.ch\/index.php?rest_route=\/wp\/v2\/pages"}],"about":[{"href":"https:\/\/azcarrosserie.ch\/index.php?rest_route=\/wp\/v2\/types\/page"}],"author":[{"embeddable":true,"href":"https:\/\/azcarrosserie.ch\/index.php?rest_route=\/wp\/v2\/users\/1"}],"replies":[{"embeddable":true,"href":"https:\/\/azcarrosserie.ch\/index.php?rest_route=%2Fwp%2Fv2%2Fcomments&post=118"}],"version-history":[{"count":2,"href":"https:\/\/azcarrosserie.ch\/index.php?rest_route=\/wp\/v2\/pages\/118\/revisions"}],"predecessor-version":[{"id":127,"href":"https:\/\/azcarrosserie.ch\/index.php?rest_route=\/wp\/v2\/pages\/118\/revisions\/127"}],"wp:attachment":[{"href":"https:\/\/azcarrosserie.ch\/index.php?rest_route=%2Fwp%2Fv2%2Fmedia&parent=118"}],"curies":[{"name":"wp","href":"https:\/\/api.w.org\/{rel}","templated":true}]}}